{"id":20,"date":"2019-07-16T08:59:23","date_gmt":"2019-07-16T06:59:23","guid":{"rendered":"http:\/\/typographice.be\/?page_id=20"},"modified":"2020-12-08T15:20:06","modified_gmt":"2020-12-08T14:20:06","slug":"contact","status":"publish","type":"page","link":"https:\/\/typographice.be\/index.php\/contact\/","title":{"rendered":"Contact"},"content":{"rendered":"\n<p><strong>Adresse&nbsp;&nbsp;&nbsp;&nbsp;&nbsp; <\/strong><br>Rue Monchamps 51 <br>4052 Beaufays&nbsp;&nbsp;&nbsp; <\/p>\n\n\n\n<p><strong>T\u00e9l\u00e9phone <\/strong><br>Anne : +32 495 83 70 45<br>Laurent : +32 495 30 14 51<\/p>\n\n\n\n<p><strong>Pr\u00e9presse<br><\/strong><a href=\"mailto:anne@typographice.be\">anne@typographice.be<\/a><\/p>\n\n\n\n<p><strong>IT &#8211; Helpdesk<\/strong><br><a href=\"mailto:laurent@typographice.be\">laurent@typographice.be<\/a><\/p>\n\n\n<div class=\"textwidget\">\n<div id=\"wpgmza_map\" class=\"wpgmza_map\" data-settings='{\"id\":\"1\",\"map_title\":\"Anne Merland\",\"map_width\":\"100\",\"map_height\":\"500\",\"map_start_lat\":\"50.559067\",\"map_start_lng\":\"5.642506\",\"map_start_location\":\"50.559066767785225,5.64250633331299\",\"map_start_zoom\":\"15\",\"default_marker\":\"0\",\"type\":\"3\",\"alignment\":\"2\",\"directions_enabled\":\"1\",\"styling_enabled\":\"0\",\"styling_json\":\"\",\"active\":\"0\",\"kml\":\"\",\"bicycle\":\"0\",\"traffic\":\"0\",\"dbox\":\"1\",\"dbox_width\":\"100\",\"listmarkers\":\"0\",\"listmarkers_advanced\":\"0\",\"filterbycat\":\"0\",\"ugm_enabled\":\"0\",\"ugm_category_enabled\":\"0\",\"fusion\":\"\",\"map_width_type\":\"\\\\%\",\"map_height_type\":\"px\",\"mass_marker_support\":\"1\",\"ugm_access\":\"0\",\"order_markers_by\":\"1\",\"order_markers_choice\":\"2\",\"show_user_location\":\"0\",\"default_to\":\"\",\"other_settings\":{\"store_locator_enabled\":2,\"store_locator_distance\":2,\"store_locator_default_radius\":10,\"store_locator_not_found_message\":\"No results found in this location. Please try again.\",\"store_locator_bounce\":1,\"store_locator_query_string\":\"Code Postal \\\/ Adresse\",\"store_locator_default_address\":\"\",\"wpgmza_store_locator_restrict\":\"\",\"store_locator_style\":\"modern\",\"wpgmza_store_locator_radius_style\":\"modern\",\"map_max_zoom\":\"1\",\"transport_layer\":0,\"wpgmza_show_points_of_interest\":0,\"wpgmza_auto_night\":0}}' data-map-id='1' Data-maps-engine='open-layers' data-shortcode-attributes='{\"id\":\"1\"}' style=\"display:block; overflow:auto; width:100%; height:500px; float:left;\"><\/div>\n<\/div>\n\n\n<p><\/p>\n","protected":false},"excerpt":{"rendered":"<p>Adresse&nbsp;&nbsp;&nbsp;&nbsp;&nbsp; Rue Monchamps 51 4052 Beaufays&nbsp;&nbsp;&nbsp; T\u00e9l\u00e9phone Anne : +32 495 83 70 45Laurent : +32 495 30 14 51 Pr\u00e9presseanne@typographice.be IT &#8211; Helpdesklaurent@typographice.be &nbsp;<\/p>\n","protected":false},"author":1,"featured_media":0,"parent":0,"menu_order":0,"comment_status":"closed","ping_status":"closed","template":"","meta":{"footnotes":""},"class_list":["post-20","page","type-page","status-publish","hentry"],"_links":{"self":[{"href":"https:\/\/typographice.be\/index.php\/wp-json\/wp\/v2\/pages\/20","targetHints":{"allow":["GET"]}}],"collection":[{"href":"https:\/\/typographice.be\/index.php\/wp-json\/wp\/v2\/pages"}],"about":[{"href":"https:\/\/typographice.be\/index.php\/wp-json\/wp\/v2\/types\/page"}],"author":[{"embeddable":true,"href":"https:\/\/typographice.be\/index.php\/wp-json\/wp\/v2\/users\/1"}],"replies":[{"embeddable":true,"href":"https:\/\/typographice.be\/index.php\/wp-json\/wp\/v2\/comments?post=20"}],"version-history":[{"count":16,"href":"https:\/\/typographice.be\/index.php\/wp-json\/wp\/v2\/pages\/20\/revisions"}],"predecessor-version":[{"id":257,"href":"https:\/\/typographice.be\/index.php\/wp-json\/wp\/v2\/pages\/20\/revisions\/257"}],"wp:attachment":[{"href":"https:\/\/typographice.be\/index.php\/wp-json\/wp\/v2\/media?parent=20"}],"curies":[{"name":"wp","href":"https:\/\/api.w.org\/{rel}","templated":true}]}}